{"id":16,"date":"2025-09-30T23:58:47","date_gmt":"2025-09-30T21:58:47","guid":{"rendered":"http:\/\/localhost:8888\/CamLex\/?page_id=16"},"modified":"2025-12-31T15:07:45","modified_gmt":"2025-12-31T14:07:45","slug":"visiter-le-finistere","status":"publish","type":"page","link":"https:\/\/camalex2026.fr\/index.php\/visiter-le-finistere\/","title":{"rendered":"Visiter les c\u00f4tes d&rsquo;Armor"},"content":{"rendered":"\t\t<div data-elementor-type=\"wp-page\" data-elementor-id=\"16\" class=\"elementor elementor-16\">\n\t\t\t\t<div class=\"elementor-element elementor-element-4c61952 e-flex e-con-boxed e-con e-parent\" data-id=\"4c61952\" data-element_type=\"container\">\n\t\t\t\t\t<div class=\"e-con-inner\">\n\t\t\t\t<div class=\"elementor-element elementor-element-5eb4cc7 elementor-widget elementor-widget-heading\" data-id=\"5eb4cc7\" data-element_type=\"widget\" data-widget_type=\"heading.default\">\n\t\t\t\t\t<h2 class=\"elementor-heading-title elementor-size-default\">A la d\u00e9couverte de la Bretagne<\/h2>\t\t\t\t<\/div>\n\t\t\t\t<div class=\"elementor-element elementor-element-103b900 elementor-widget elementor-widget-spacer\" data-id=\"103b900\" data-element_type=\"widget\" data-widget_type=\"spacer.default\">\n\t\t\t\t\t\t\t<div class=\"elementor-spacer\">\n\t\t\t<div class=\"elementor-spacer-inner\"><\/div>\n\t\t<\/div>\n\t\t\t\t\t\t<\/div>\n\t\t\t\t<div class=\"elementor-element elementor-element-5f3ba5b elementor-widget elementor-widget-text-editor\" data-id=\"5f3ba5b\" data-element_type=\"widget\" data-widget_type=\"text-editor.default\">\n\t\t\t\t\t\t\t\t\t<p>Vous avez envie de prolonger votre s\u00e9jour\u00a0? Bonne id\u00e9e\u00a0! Les C\u00f4tes d\u2019Armor regorgent de paysages magnifiques, de petits ports charmants et de sp\u00e9cialit\u00e9s locales \u00e0 savourer.<\/p><p>Voici quelques suggestions pour d\u00e9couvrir notre belle r\u00e9gion avant ou apr\u00e8s le mariage.<\/p><p>\u00a0<\/p>\t\t\t\t\t\t\t\t<\/div>\n\t\t\t\t\t<\/div>\n\t\t\t\t<\/div>\n\t\t<div class=\"elementor-element elementor-element-77f70ca e-flex e-con-boxed e-con e-parent\" data-id=\"77f70ca\" data-element_type=\"container\">\n\t\t\t\t\t<div class=\"e-con-inner\">\n\t\t\t\t<div class=\"elementor-element elementor-element-69d2aef elementor-widget elementor-widget-text-editor\" data-id=\"69d2aef\" data-element_type=\"widget\" data-widget_type=\"text-editor.default\">\n\t\t\t\t\t\t\t\t\t<p><span style=\"color: #000000;\"><b><i><u>LA C\u00d4TE D\u2019EMERAUDE<\/u><\/i><\/b>\u00a0:<\/span><\/p>\t\t\t\t\t\t\t\t<\/div>\n\t\t\t\t<div class=\"elementor-element elementor-element-bb68fd9 elementor-widget elementor-widget-text-editor\" data-id=\"bb68fd9\" data-element_type=\"widget\" data-widget_type=\"text-editor.default\">\n\t\t\t\t\t\t\t\t\t<p style=\"text-align: center;\">Entre terre et mer, la C\u00f4te d\u2019\u00c9meraude porte bien son nom : des eaux turquoises, des plages de sables fins et des panoramas incroyables.<\/p><p style=\"text-align: center;\">\u00a0<\/p><p style=\"font-variant-ligatures: normal; font-variant-caps: normal; font-family: Helvetica, sans-serif; font-size: 17px; font-style: normal; font-weight: 300;\"><span style=\"font-size: 17px; color: #0000ff;\">\u2665\u00a0<\/span><u style=\"font-size: 17px;\">Nos coups de c\u0153ur\u00a0:<\/u><\/p>\t\t\t\t\t\t\t\t<\/div>\n\t\t\t\t\t<\/div>\n\t\t\t\t<\/div>\n\t\t<div class=\"elementor-element elementor-element-0fc119e e-flex e-con-boxed e-con e-parent\" data-id=\"0fc119e\" data-element_type=\"container\">\n\t\t\t\t\t<div class=\"e-con-inner\">\n\t\t<div class=\"elementor-element elementor-element-507f023 e-con-full e-flex e-con e-child\" data-id=\"507f023\" data-element_type=\"container\">\n\t\t\t\t<div class=\"elementor-element elementor-element-3629f5f elementor-widget elementor-widget-text-editor\" data-id=\"3629f5f\" data-element_type=\"widget\" data-widget_type=\"text-editor.default\">\n\t\t\t\t\t\t\t\t\t<p><span style=\"font-size: 17px; color: #0000ff;\"><strong>Saint-Cast-le-Guildo<\/strong>\u00a0:<\/span><span style=\"font-size: 17px;\"> charmante station baln\u00e9aire, Saint-Cast offre \u00e0 la fois de superbes plages et des sentiers c\u00f4tiers spectaculaires.<\/span><\/p><ul><li>Baladez-vous sur le sentier des douaniers (GR34) qui longe la c\u00f4te et d\u00e9couvrez les petites plages de Saint-Cast (plage de la Fosse, plage de la Fresnaye, plage de la Pissotte, plage de la Mare). Les points de vue y sont sublimes.<\/li><li>D\u00e9tendez-vous sur la Grande plage de Saint-Cast.<\/li><li>Fl\u00e2nez dans les Mielles, rues commer\u00e7antes.<\/li><li>Promenez-vous le long de la passerelle. Vous arriverez au port de plaisance, tr\u00e8s sympathique pour prendre un petit verre, vu sur le port.<\/li><li>Autre point de vue \u00e0 ne pas manquer : la point de la garde.<\/li><\/ul>\t\t\t\t\t\t\t\t<\/div>\n\t\t\t\t<\/div>\n\t\t<div class=\"elementor-element elementor-element-17ae689 e-con-full e-flex e-con e-child\" data-id=\"17ae689\" data-element_type=\"container\">\n\t\t\t\t<div class=\"elementor-element elementor-element-59923e6 elementor-widget elementor-widget-image\" data-id=\"59923e6\" data-element_type=\"widget\" data-widget_type=\"image.default\">\n\t\t\t\t\t\t\t\t\t\t\t\t\t\t\t<img fetchpriority=\"high\" decoding=\"async\" width=\"1024\" height=\"922\" src=\"https:\/\/camalex2026.fr\/wp-content\/uploads\/2025\/12\/WhatsApp-Image-2025-12-07-at-12.29.44-e1765124431981-1024x922.jpeg\" class=\"attachment-large size-large wp-image-788\" alt=\"\" srcset=\"https:\/\/camalex2026.fr\/wp-content\/uploads\/2025\/12\/WhatsApp-Image-2025-12-07-at-12.29.44-e1765124431981-1024x922.jpeg 1024w, https:\/\/camalex2026.fr\/wp-content\/uploads\/2025\/12\/WhatsApp-Image-2025-12-07-at-12.29.44-e1765124431981-300x270.jpeg 300w, https:\/\/camalex2026.fr\/wp-content\/uploads\/2025\/12\/WhatsApp-Image-2025-12-07-at-12.29.44-e1765124431981-768x691.jpeg 768w, https:\/\/camalex2026.fr\/wp-content\/uploads\/2025\/12\/WhatsApp-Image-2025-12-07-at-12.29.44-e1765124431981.jpeg 1200w\" sizes=\"(max-width: 1024px) 100vw, 1024px\" \/>\t\t\t\t\t\t\t\t\t\t\t\t\t\t\t<\/div>\n\t\t\t\t<\/div>\n\t\t\t\t\t<\/div>\n\t\t\t\t<\/div>\n\t\t<div class=\"elementor-element elementor-element-0cf39ad e-flex e-con-boxed e-con e-parent\" data-id=\"0cf39ad\" data-element_type=\"container\">\n\t\t\t\t\t<div class=\"e-con-inner\">\n\t\t<div class=\"elementor-element elementor-element-bdf2f26 e-con-full e-flex e-con e-child\" data-id=\"bdf2f26\" data-element_type=\"container\">\n\t\t\t\t<div class=\"elementor-element elementor-element-a57fc5f elementor-widget elementor-widget-image\" data-id=\"a57fc5f\" data-element_type=\"widget\" data-widget_type=\"image.default\">\n\t\t\t\t\t\t\t\t\t\t\t\t\t\t\t<img decoding=\"async\" width=\"786\" height=\"592\" src=\"https:\/\/camalex2026.fr\/wp-content\/uploads\/2025\/12\/WhatsApp-Image-2025-12-07-at-12.30.06.jpeg\" class=\"attachment-large size-large wp-image-789\" alt=\"\" srcset=\"https:\/\/camalex2026.fr\/wp-content\/uploads\/2025\/12\/WhatsApp-Image-2025-12-07-at-12.30.06.jpeg 786w, https:\/\/camalex2026.fr\/wp-content\/uploads\/2025\/12\/WhatsApp-Image-2025-12-07-at-12.30.06-300x226.jpeg 300w, https:\/\/camalex2026.fr\/wp-content\/uploads\/2025\/12\/WhatsApp-Image-2025-12-07-at-12.30.06-768x578.jpeg 768w\" sizes=\"(max-width: 786px) 100vw, 786px\" \/>\t\t\t\t\t\t\t\t\t\t\t\t\t\t\t<\/div>\n\t\t\t\t<\/div>\n\t\t<div class=\"elementor-element elementor-element-d5f62cc e-con-full e-flex e-con e-child\" data-id=\"d5f62cc\" data-element_type=\"container\">\n\t\t\t\t<div class=\"elementor-element elementor-element-eb484c3 elementor-widget elementor-widget-text-editor\" data-id=\"eb484c3\" data-element_type=\"widget\" data-widget_type=\"text-editor.default\">\n\t\t\t\t\t\t\t\t\t<p><span style=\"color: #0000ff;\"><strong>Cap Fr\u00e9hel et le Fort La Latte<\/strong>\u00a0:<\/span> un panorama \u00e0 couper le souffle, parfait pour une balade.<\/p><ul><li>Montez en haut du phare du cap Fr\u00e9hel : la vue sur les falaises et la mer d\u2019\u00e9meraude est \u00e0 couper le souffle.<\/li><li>Marchez jusqu\u2019au Fort La Latte, un ch\u00e2teau m\u00e9di\u00e9val perch\u00e9 sur son promontoire rochaux, un d\u00e9cor de film grandeur nature !<\/li><\/ul>\t\t\t\t\t\t\t\t<\/div>\n\t\t\t\t<\/div>\n\t\t\t\t\t<\/div>\n\t\t\t\t<\/div>\n\t\t<div class=\"elementor-element elementor-element-b74b89a e-flex e-con-boxed e-con e-parent\" data-id=\"b74b89a\" data-element_type=\"container\">\n\t\t\t\t\t<div class=\"e-con-inner\">\n\t\t\t\t<div class=\"elementor-element elementor-element-136eb13 elementor-widget elementor-widget-text-editor\" data-id=\"136eb13\" data-element_type=\"widget\" data-widget_type=\"text-editor.default\">\n\t\t\t\t\t\t\t\t\t<p><span style=\"color: #0000ff;\"><strong>Dinan<\/strong> :<\/span> Une des plus jolies cit\u00e9s m\u00e9di\u00e9vales de Bretagne.<\/p><ul><li>Promenez-vous dans les ruelles pav\u00e9es bord\u00e9es de maisons \u00e0 colombages.<\/li><li>Descendez jusqu\u2019au port de Dinan pour une balade au bord de la Rance ou un d\u00e9jeuner en terrasse.<\/li><li>Si vous aimez les artisanats locaux, arr\u00eatez-vous dans les ateliers d\u2019artisans (verre, cuir, poterie, peinture \u2026).<\/li><\/ul><p>\u00a0<\/p><p><span style=\"color: #0000ff;\"><strong>Saint-Malo<\/strong>\u00a0:<\/span> ville corsaire charg\u00e9e d\u2019histoire, entour\u00e9e de remparts et tourn\u00e9e vers le large.<\/p><ul><li>Faites le tour des remparts pour une vue panoramique sur la mer et les \u00eeles voisines.<\/li><li>Explorez la vieille ville (intra-muros) et ses ruelles anim\u00e9es.<\/li><\/ul><p>Prenez le bateau pour les \u00eeles du Grand B\u00e9 et du Petit B\u00e9, accessibles \u00e0 pied \u00e0 mar\u00e9e basse.<\/p>\t\t\t\t\t\t\t\t<\/div>\n\t\t\t\t\t<\/div>\n\t\t\t\t<\/div>\n\t\t<div class=\"elementor-element elementor-element-0dca1c2 e-flex e-con-boxed e-con e-parent\" data-id=\"0dca1c2\" data-element_type=\"container\">\n\t\t\t\t\t<div class=\"e-con-inner\">\n\t\t<div class=\"elementor-element elementor-element-da82e03 e-con-full e-flex e-con e-child\" data-id=\"da82e03\" data-element_type=\"container\">\n\t\t\t\t<div class=\"elementor-element elementor-element-c46a8ff elementor-widget elementor-widget-text-editor\" data-id=\"c46a8ff\" data-element_type=\"widget\" data-widget_type=\"text-editor.default\">\n\t\t\t\t\t\t\t\t\t<h2 style=\"font-variant-ligatures: normal; font-variant-caps: normal; font-family: Helvetica, sans-serif; font-size: 20px; font-style: italic; color: #000000;\" data-elementor-setting-key=\"title\" data-pen-placeholder=\"\u00c9crivez ici...\">LA COTE DE GRANIT ROSE :<\/h2>\t\t\t\t\t\t\t\t<\/div>\n\t\t\t\t<div class=\"elementor-element elementor-element-f34277d elementor-widget elementor-widget-text-editor\" data-id=\"f34277d\" data-element_type=\"widget\" data-widget_type=\"text-editor.default\">\n\t\t\t\t\t\t\t\t\t<p style=\"text-align: center;\">Un peu plus au nord, cette partie du littoral est c\u00e9l\u00e8bre pour ses roches aux formes surprenantes et sa couleur ros\u00e9e unique.<\/p><p style=\"text-align: center;\">\u00a0<\/p><p style=\"font-variant-ligatures: normal; font-variant-caps: normal; font-family: Helvetica, sans-serif; font-size: 17px; font-style: normal; font-weight: 300;\"><span style=\"font-size: 17px; color: #0000ff;\">\u2665\u00a0<\/span><u style=\"font-size: 17px;\">Nos coups de c\u0153ur\u00a0:<\/u><\/p>\t\t\t\t\t\t\t\t<\/div>\n\t\t\t\t<\/div>\n\t\t\t\t\t<\/div>\n\t\t\t\t<\/div>\n\t\t<div class=\"elementor-element elementor-element-b70c27e e-flex e-con-boxed e-con e-parent\" data-id=\"b70c27e\" data-element_type=\"container\">\n\t\t\t\t\t<div class=\"e-con-inner\">\n\t\t<div class=\"elementor-element elementor-element-179782d e-con-full e-flex e-con e-child\" data-id=\"179782d\" data-element_type=\"container\">\n\t\t\t\t<div class=\"elementor-element elementor-element-bd00acc elementor-widget elementor-widget-text-editor\" data-id=\"bd00acc\" data-element_type=\"widget\" data-widget_type=\"text-editor.default\">\n\t\t\t\t\t\t\t\t\t<p><strong><span style=\"color: #0000ff;\">Ploumanac\u2019h\u00a0:<\/span><\/strong> \u00e9lu village pr\u00e9f\u00e9r\u00e9 des Fran\u00e7ais, un incontournable.<\/p><ul><li>Fl\u00e2nez dans les petites ruelles fleuries du village.<\/li><li>Profitez d\u2019un coucher de soleil sur la plage de Saint-Guirec.<\/li><li>Promenez-vous sur le sentier des douaniers (GR34) entre Ploumanac\u2019h et Perros-Guirec et admirez les rochers roses.<\/li><\/ul>\t\t\t\t\t\t\t\t<\/div>\n\t\t\t\t<\/div>\n\t\t<div class=\"elementor-element elementor-element-f9db52b e-con-full e-flex e-con e-child\" data-id=\"f9db52b\" data-element_type=\"container\">\n\t\t\t\t<div class=\"elementor-element elementor-element-8966851 elementor-widget elementor-widget-image\" data-id=\"8966851\" data-element_type=\"widget\" data-widget_type=\"image.default\">\n\t\t\t\t\t\t\t\t\t\t\t\t\t\t\t<img decoding=\"async\" width=\"1024\" height=\"768\" src=\"https:\/\/camalex2026.fr\/wp-content\/uploads\/2025\/12\/WhatsApp-Image-2025-12-07-at-12.30.25-1024x768.jpeg\" class=\"attachment-large size-large wp-image-790\" alt=\"\" srcset=\"https:\/\/camalex2026.fr\/wp-content\/uploads\/2025\/12\/WhatsApp-Image-2025-12-07-at-12.30.25-1024x768.jpeg 1024w, https:\/\/camalex2026.fr\/wp-content\/uploads\/2025\/12\/WhatsApp-Image-2025-12-07-at-12.30.25-300x225.jpeg 300w, https:\/\/camalex2026.fr\/wp-content\/uploads\/2025\/12\/WhatsApp-Image-2025-12-07-at-12.30.25-768x576.jpeg 768w, https:\/\/camalex2026.fr\/wp-content\/uploads\/2025\/12\/WhatsApp-Image-2025-12-07-at-12.30.25-1536x1153.jpeg 1536w, https:\/\/camalex2026.fr\/wp-content\/uploads\/2025\/12\/WhatsApp-Image-2025-12-07-at-12.30.25.jpeg 1599w\" sizes=\"(max-width: 1024px) 100vw, 1024px\" \/>\t\t\t\t\t\t\t\t\t\t\t\t\t\t\t<\/div>\n\t\t\t\t<\/div>\n\t\t\t\t\t<\/div>\n\t\t\t\t<\/div>\n\t\t<div class=\"elementor-element elementor-element-5e0b026 e-flex e-con-boxed e-con e-parent\" data-id=\"5e0b026\" data-element_type=\"container\">\n\t\t\t\t\t<div class=\"e-con-inner\">\n\t\t\t\t<div class=\"elementor-element elementor-element-ba301d6 elementor-widget elementor-widget-image\" data-id=\"ba301d6\" data-element_type=\"widget\" data-widget_type=\"image.default\">\n\t\t\t\t\t\t\t\t\t\t\t\t\t\t\t<img loading=\"lazy\" decoding=\"async\" width=\"450\" height=\"600\" src=\"https:\/\/camalex2026.fr\/wp-content\/uploads\/2025\/12\/WhatsApp-Image-2025-12-07-at-12.31.30.jpeg\" class=\"attachment-large size-large wp-image-791\" alt=\"\" srcset=\"https:\/\/camalex2026.fr\/wp-content\/uploads\/2025\/12\/WhatsApp-Image-2025-12-07-at-12.31.30.jpeg 450w, https:\/\/camalex2026.fr\/wp-content\/uploads\/2025\/12\/WhatsApp-Image-2025-12-07-at-12.31.30-225x300.jpeg 225w\" sizes=\"(max-width: 450px) 100vw, 450px\" \/>\t\t\t\t\t\t\t\t\t\t\t\t\t\t\t<\/div>\n\t\t\t\t<div class=\"elementor-element elementor-element-dfb747c elementor-widget elementor-widget-text-editor\" data-id=\"dfb747c\" data-element_type=\"widget\" data-widget_type=\"text-editor.default\">\n\t\t\t\t\t\t\t\t\t<p><strong><span style=\"color: #0000ff;\">Perros-Guirec :<\/span><\/strong> une station baln\u00e9aire pleine de charme.<\/p><ul><li>D\u00e9couvrez les Trois plages : Trestraou, Trestrignel et Saint-Guirec.<\/li><li>Faite une croisi\u00e8re vers l\u2019archipel des Sept-\u00celes, une r\u00e9serve naturelle peupl\u00e9e de fous de Bassan et de phoques gris !<\/li><li>Pour les amateurs de photo, le phare de Ploumanac\u2019h est un spot mythique.<\/li><\/ul>\t\t\t\t\t\t\t\t<\/div>\n\t\t\t\t\t<\/div>\n\t\t\t\t<\/div>\n\t\t<div class=\"elementor-element elementor-element-5ed4b29 e-flex e-con-boxed e-con e-parent\" data-id=\"5ed4b29\" data-element_type=\"container\">\n\t\t\t\t\t<div class=\"e-con-inner\">\n\t\t\t\t<div class=\"elementor-element elementor-element-66046c2 elementor-widget elementor-widget-text-editor\" data-id=\"66046c2\" data-element_type=\"widget\" data-widget_type=\"text-editor.default\">\n\t\t\t\t\t\t\t\t\t<p><strong><span style=\"color: #0000ff;\">Tr\u00e9gastel :<\/span><\/strong> des plages de sables fins et des petites criques sauvages.<\/p><ul><li>Explorez les criques abrit\u00e9es et les plages de Coz-Pors ou de Tourony.<\/li><li>D\u00e9couvrez l\u2019aquarium marin, install\u00e9 dans un chaos de granit.<\/li><li>Faites une balade en kayak ou en paddle entre les roches roses pour une exp\u00e9rience inoubliable.<\/li><\/ul><p>\u00a0<\/p><p><strong><span style=\"color: #0000ff;\">Lannion\u00a0:<\/span><\/strong> une jolie ville bretonne entre rivi\u00e8re et vieilles pierres.<\/p><ul><li>Fl\u00e2nez dans le centre historique et ses maisons \u00e0 pans de bois.<\/li><li>Profitez du march\u00e9, tr\u00e8s typique, pour go\u00fbter aux produits locaux.<\/li><li>Partez ensuite explorer la vall\u00e9e du L\u00e9guer, class\u00e9e rivi\u00e8re sauvage.<\/li><\/ul><p>\u00a0<\/p><p style=\"text-align: center;\"><span style=\"color: #0000ff;\">Et pour les gourmands \u2026<\/span><\/p><p style=\"text-align: center;\"><span style=\"color: #0000ff;\">Impossible de repartir sans go\u00fbter aux saveurs bretonnes\u00a0!<\/span><\/p><p>\u00a0<\/p><ul><li>Le classique des march\u00e9s breton : la galette-saucisse.<\/li><li>L\u2019incontournable : la cr\u00eape au caramel au beurre sal\u00e9.<\/li><li>Pour les plus t\u00e9m\u00e9raire : le fameux kouign-amann.<\/li><li>Et bien s\u00fbr, avec un bon cidre local\u00a0!<\/li><\/ul>\t\t\t\t\t\t\t\t<\/div>\n\t\t\t\t\t<\/div>\n\t\t\t\t<\/div>\n\t\t<div class=\"elementor-element elementor-element-e639433 e-flex e-con-boxed e-con e-parent\" data-id=\"e639433\" data-element_type=\"container\">\n\t\t\t\t\t<div class=\"e-con-inner\">\n\t\t\t\t<div class=\"elementor-element elementor-element-ff3c98a elementor-widget elementor-widget-image\" data-id=\"ff3c98a\" data-element_type=\"widget\" data-widget_type=\"image.default\">\n\t\t\t\t\t\t\t\t\t\t\t\t\t\t\t<img loading=\"lazy\" decoding=\"async\" width=\"768\" height=\"1024\" src=\"https:\/\/camalex2026.fr\/wp-content\/uploads\/2025\/12\/WhatsApp-Image-2025-12-07-at-12.32.07-768x1024.jpeg\" class=\"attachment-large size-large wp-image-792\" alt=\"\" srcset=\"https:\/\/camalex2026.fr\/wp-content\/uploads\/2025\/12\/WhatsApp-Image-2025-12-07-at-12.32.07-768x1024.jpeg 768w, https:\/\/camalex2026.fr\/wp-content\/uploads\/2025\/12\/WhatsApp-Image-2025-12-07-at-12.32.07-225x300.jpeg 225w, https:\/\/camalex2026.fr\/wp-content\/uploads\/2025\/12\/WhatsApp-Image-2025-12-07-at-12.32.07-1152x1536.jpeg 1152w, https:\/\/camalex2026.fr\/wp-content\/uploads\/2025\/12\/WhatsApp-Image-2025-12-07-at-12.32.07.jpeg 1200w\" sizes=\"(max-width: 768px) 100vw, 768px\" \/>\t\t\t\t\t\t\t\t\t\t\t\t\t\t\t<\/div>\n\t\t\t\t\t<\/div>\n\t\t\t\t<\/div>\n\t\t<div class=\"elementor-element elementor-element-539d0fa e-flex e-con-boxed e-con e-parent\" data-id=\"539d0fa\" data-element_type=\"container\">\n\t\t\t\t\t<div class=\"e-con-inner\">\n\t\t<div class=\"elementor-element elementor-element-cfc99dc e-con-full e-flex e-con e-child\" data-id=\"cfc99dc\" data-element_type=\"container\">\n\t\t<div class=\"elementor-element elementor-element-952a304 e-con-full e-flex e-con e-child\" data-id=\"952a304\" data-element_type=\"container\">\n\t\t\t\t<div class=\"elementor-element elementor-element-ff74c14 elementor-widget elementor-widget-image\" data-id=\"ff74c14\" data-element_type=\"widget\" data-widget_type=\"image.default\">\n\t\t\t\t\t\t\t\t\t\t\t\t\t\t\t<img loading=\"lazy\" decoding=\"async\" width=\"300\" height=\"300\" src=\"https:\/\/camalex2026.fr\/wp-content\/uploads\/2025\/10\/cropped-logo-300x300.jpeg\" class=\"attachment-medium size-medium wp-image-210\" alt=\"\" srcset=\"https:\/\/camalex2026.fr\/wp-content\/uploads\/2025\/10\/cropped-logo-300x300.jpeg 300w, https:\/\/camalex2026.fr\/wp-content\/uploads\/2025\/10\/cropped-logo-150x150.jpeg 150w, https:\/\/camalex2026.fr\/wp-content\/uploads\/2025\/10\/cropped-logo-270x270.jpeg 270w, https:\/\/camalex2026.fr\/wp-content\/uploads\/2025\/10\/cropped-logo-192x192.jpeg 192w, https:\/\/camalex2026.fr\/wp-content\/uploads\/2025\/10\/cropped-logo-180x180.jpeg 180w, https:\/\/camalex2026.fr\/wp-content\/uploads\/2025\/10\/cropped-logo-32x32.jpeg 32w, https:\/\/camalex2026.fr\/wp-content\/uploads\/2025\/10\/cropped-logo.jpeg 512w\" sizes=\"(max-width: 300px) 100vw, 300px\" \/>\t\t\t\t\t\t\t\t\t\t\t\t\t\t\t<\/div>\n\t\t\t\t<div class=\"elementor-element elementor-element-f3408f3 elementor-widget elementor-widget-heading\" data-id=\"f3408f3\" data-element_type=\"widget\" data-widget_type=\"heading.default\">\n\t\t\t\t\t<h2 class=\"elementor-heading-title elementor-size-default\"><p>04.07.2026<\/p><\/h2>\t\t\t\t<\/div>\n\t\t\t\t<\/div>\n\t\t<div class=\"elementor-element elementor-element-703444f e-con-full e-flex e-con e-child\" data-id=\"703444f\" data-element_type=\"container\">\n\t\t\t\t<div class=\"elementor-element elementor-element-b2de5e6 elementor-widget elementor-widget-image\" data-id=\"b2de5e6\" data-element_type=\"widget\" data-widget_type=\"image.default\">\n\t\t\t\t\t\t\t\t\t\t\t\t\t\t\t<img loading=\"lazy\" decoding=\"async\" width=\"500\" height=\"671\" src=\"https:\/\/camalex2026.fr\/wp-content\/uploads\/2025\/11\/fleurs.png\" class=\"attachment-large size-large wp-image-363\" alt=\"\" srcset=\"https:\/\/camalex2026.fr\/wp-content\/uploads\/2025\/11\/fleurs.png 500w, https:\/\/camalex2026.fr\/wp-content\/uploads\/2025\/11\/fleurs-224x300.png 224w\" sizes=\"(max-width: 500px) 100vw, 500px\" \/>\t\t\t\t\t\t\t\t\t\t\t\t\t\t\t<\/div>\n\t\t\t\t<\/div>\n\t\t\t\t<\/div>\n\t\t\t\t\t<\/div>\n\t\t\t\t<\/div>\n\t\t\t\t<\/div>\n\t\t","protected":false},"excerpt":{"rendered":"<p>A la d\u00e9couverte de la Bretagne Vous avez envie de prolonger votre s\u00e9jour\u00a0? Bonne id\u00e9e\u00a0! Les C\u00f4tes d\u2019Armor regorgent de paysages magnifiques, de petits ports charmants et de sp\u00e9cialit\u00e9s locales \u00e0 savourer. Voici quelques suggestions pour d\u00e9couvrir notre belle r\u00e9gion avant ou apr\u00e8s le mariage. \u00a0 LA C\u00d4TE D\u2019EMERAUDE\u00a0: Entre terre et mer, la C\u00f4te [&hellip;]<\/p>\n","protected":false},"author":1,"featured_media":0,"parent":0,"menu_order":0,"comment_status":"closed","ping_status":"closed","template":"","meta":{"ocean_post_layout":"","ocean_both_sidebars_style":"","ocean_both_sidebars_content_width":0,"ocean_both_sidebars_sidebars_width":0,"ocean_sidebar":"","ocean_second_sidebar":"","ocean_disable_margins":"enable","ocean_add_body_class":"","ocean_shortcode_before_top_bar":"","ocean_shortcode_after_top_bar":"","ocean_shortcode_before_header":"","ocean_shortcode_after_header":"","ocean_has_shortcode":"","ocean_shortcode_after_title":"","ocean_shortcode_before_footer_widgets":"","ocean_shortcode_after_footer_widgets":"","ocean_shortcode_before_footer_bottom":"","ocean_shortcode_after_footer_bottom":"","ocean_display_top_bar":"default","ocean_display_header":"default","ocean_header_style":"","ocean_center_header_left_menu":"","ocean_custom_header_template":"","ocean_custom_logo":0,"ocean_custom_retina_logo":0,"ocean_custom_logo_max_width":0,"ocean_custom_logo_tablet_max_width":0,"ocean_custom_logo_mobile_max_width":0,"ocean_custom_logo_max_height":0,"ocean_custom_logo_tablet_max_height":0,"ocean_custom_logo_mobile_max_height":0,"ocean_header_custom_menu":"","ocean_menu_typo_font_family":"","ocean_menu_typo_font_subset":"","ocean_menu_typo_font_size":0,"ocean_menu_typo_font_size_tablet":0,"ocean_menu_typo_font_size_mobile":0,"ocean_menu_typo_font_size_unit":"px","ocean_menu_typo_font_weight":"","ocean_menu_typo_font_weight_tablet":"","ocean_menu_typo_font_weight_mobile":"","ocean_menu_typo_transform":"","ocean_menu_typo_transform_tablet":"","ocean_menu_typo_transform_mobile":"","ocean_menu_typo_line_height":0,"ocean_menu_typo_line_height_tablet":0,"ocean_menu_typo_line_height_mobile":0,"ocean_menu_typo_line_height_unit":"","ocean_menu_typo_spacing":0,"ocean_menu_typo_spacing_tablet":0,"ocean_menu_typo_spacing_mobile":0,"ocean_menu_typo_spacing_unit":"","ocean_menu_link_color":"","ocean_menu_link_color_hover":"","ocean_menu_link_color_active":"","ocean_menu_link_background":"","ocean_menu_link_hover_background":"","ocean_menu_link_active_background":"","ocean_menu_social_links_bg":"","ocean_menu_social_hover_links_bg":"","ocean_menu_social_links_color":"","ocean_menu_social_hover_links_color":"","ocean_disable_title":"on","ocean_disable_heading":"default","ocean_post_title":"","ocean_post_subheading":"","ocean_post_title_style":"","ocean_post_title_background_color":"","ocean_post_title_background":0,"ocean_post_title_bg_image_position":"","ocean_post_title_bg_image_attachment":"","ocean_post_title_bg_image_repeat":"","ocean_post_title_bg_image_size":"","ocean_post_title_height":0,"ocean_post_title_bg_overlay":0.5,"ocean_post_title_bg_overlay_color":"","ocean_disable_breadcrumbs":"default","ocean_breadcrumbs_color":"","ocean_breadcrumbs_separator_color":"","ocean_breadcrumbs_links_color":"","ocean_breadcrumbs_links_hover_color":"","ocean_display_footer_widgets":"default","ocean_display_footer_bottom":"default","ocean_custom_footer_template":"","footnotes":""},"class_list":["post-16","page","type-page","status-publish","hentry","entry"],"_links":{"self":[{"href":"https:\/\/camalex2026.fr\/index.php\/wp-json\/wp\/v2\/pages\/16","targetHints":{"allow":["GET"]}}],"collection":[{"href":"https:\/\/camalex2026.fr\/index.php\/wp-json\/wp\/v2\/pages"}],"about":[{"href":"https:\/\/camalex2026.fr\/index.php\/wp-json\/wp\/v2\/types\/page"}],"author":[{"embeddable":true,"href":"https:\/\/camalex2026.fr\/index.php\/wp-json\/wp\/v2\/users\/1"}],"replies":[{"embeddable":true,"href":"https:\/\/camalex2026.fr\/index.php\/wp-json\/wp\/v2\/comments?post=16"}],"version-history":[{"count":108,"href":"https:\/\/camalex2026.fr\/index.php\/wp-json\/wp\/v2\/pages\/16\/revisions"}],"predecessor-version":[{"id":1006,"href":"https:\/\/camalex2026.fr\/index.php\/wp-json\/wp\/v2\/pages\/16\/revisions\/1006"}],"wp:attachment":[{"href":"https:\/\/camalex2026.fr\/index.php\/wp-json\/wp\/v2\/media?parent=16"}],"curies":[{"name":"wp","href":"https:\/\/api.w.org\/{rel}","templated":true}]}}